{"id":2109,"date":"2025-07-17T11:14:56","date_gmt":"2025-07-17T11:14:56","guid":{"rendered":"https:\/\/roscar.ma\/?page_id=2109"},"modified":"2025-07-25T16:46:35","modified_gmt":"2025-07-25T16:46:35","slug":"aluguer-de-carros-fez","status":"publish","type":"page","link":"https:\/\/roscar.ma\/pt-pt\/aluguer-de-carros-fez\/","title":{"rendered":"Aluguer De Carros Fez"},"content":{"rendered":"<h2>Aluguer De Carros Fez a partir de RosCar<\/h2>\n<p>Quase todos os pa\u00edses t\u00eam uma capital n\u00e3o oficial, que \u00e9 o centro da vida cultural de todo o estado. Queres encontrar esta bela cidade em Marrocos? Ent\u00e3o precisa de alugar um carro em Fes para:<\/p>\n<ul>\n<li>Obter a melhor experi\u00eancia de condu\u00e7\u00e3o a um pre\u00e7o baixo<\/li>\n<li>Escolher o melhor ve\u00edculo com os extras ideais<\/li>\n<li>Levar a sua viagem a outro n\u00edvel de conforto<\/li>\n<li>N\u00e3o fique limitado nas suas op\u00e7\u00f5es de viagem.<\/li>\n<\/ul>\n<p>Alugue um carro em Fez atrav\u00e9s da RosCar e poder\u00e1 desvendar todos os segredos deste incr\u00edvel mundo \u00e1rabe. Mas antes, prepare o seu cart\u00e3o para confirmar a reserva, pois n\u00e3o h\u00e1 outra forma de conseguir o seu ve\u00edculo. Reserve agora.<\/p>\n<h2>Aluguer De Carros Fez: Guia<\/h2>\n<p>Por vezes, at\u00e9 os viajantes mais experientes precisam de alguns bons conselhos. Estes s\u00e3o os tipos de dicas que lhe permitir\u00e3o pagar menos e obter o melhor valor no menor tempo poss\u00edvel.<\/p>\n<h3>Primeiro conselho: Utilizar filtros por tipo<\/h3>\n<p>N\u00e3o perca tempo a procurar ve\u00edculos que n\u00e3o lhe interessam. Basta escolher um:<\/p>\n<ul>\n<li>Econ\u00f3mico<\/li>\n<li>Standard<\/li>\n<li>Mini<\/li>\n<li>Descapot\u00e1vel<\/li>\n<li>SUV ou Crossover<\/li>\n<li>Minivan ou carrinha<\/li>\n<li>Outros.<\/li>\n<\/ul>\n<h3>Segunda dica: Procurar extras<\/h3>\n<p>N\u00e3o \u00e9 um, mas uma d\u00fazia de extras que pode obter ao alugar um carro barato em Fes:<\/p>\n<ul>\n<li>Sem cart\u00e3o de cr\u00e9dito: Qualquer outro cart\u00e3o de cr\u00e9dito ou dinheiro serve.<\/li>\n<li>Cart\u00e3o SIM: Precisar\u00e1 de um para navegar pelas muitas atrac\u00e7\u00f5es de Fez.<\/li>\n<li>Condutor adicional: Qualquer pessoa que cumpra os requisitos de idade do aluguer.<\/li>\n<li>Cadeira para crian\u00e7as: Viajar com crian\u00e7as deve ser seguro.<\/li>\n<li>Cancelamento gratuito: Os custos da reserva ser\u00e3o reembolsados se cancelar com 48 horas de anteced\u00eancia.<\/li>\n<li>Quil\u00f3metros ilimitados: Uma quantidade infinita da incr\u00edvel beleza da Ar\u00e1bia.<\/li>\n<li>Sem dep\u00f3sito: Menos stress envolvido quando se trata de bloqueios sem dep\u00f3sito nos cart\u00f5es de cr\u00e9dito.<\/li>\n<li>Modelo garantido: A recolha \u00e9 efectuada com o mesmo ve\u00edculo que solicitou.<\/li>\n<li>Transmiss\u00e3o: Qual \u00e9 que prefere, manual ou autom\u00e1tica?<\/li>\n<li>Seguro adicional: Super CDW ou Full Coverage s\u00e3o as melhores op\u00e7\u00f5es de upgrade.<\/li>\n<\/ul>\n<blockquote class=\"info\">\n<h2>Aluguer de carros em Fez em pormenor<\/h2>\n<p>A RosCar tem um procedimento de reserva simples que qualquer adulto (a partir de 21 anos) pode realizar:<\/p>\n<ol>\n<li>Especificar datas e localiza\u00e7\u00f5es.<\/li>\n<li>Ir para os filtros, clicar nos desejados.<\/li>\n<li>Percorrer a lista e Reservar agora quando vires o melhor.<\/li>\n<li>Selecionar o tipo de seguro (Standard ou Upgrade), bem como op\u00e7\u00f5es adicionais. Preencher<\/li>\n<li>Os dados principais do condutor.<\/li>\n<li>Confirmar.<\/li>\n<\/ol>\n<p>O aluguer de carros em Fes requer qualquer cart\u00e3o banc\u00e1rio para ser automaticamente confirmado. O valor do pagamento pode variar entre um quinto e o valor total do aluguer.<\/p><\/blockquote>\n<h2>Aluguer De Carros Fez Pre\u00e7o<\/h2>\n<p>Atenas de \u00c1frica n\u00e3o \u00e9 um lugar barato para viajar, mas pode sempre encontrar um ve\u00edculo para qualquer or\u00e7amento:<\/p>\n<ul>\n<li>$20-30 para Mini ou Econ\u00f3mico<\/li>\n<li>30-40 d\u00f3lares para o Standard<\/li>\n<li>$40-55 para Minivan, SUV ou Crossover<\/li>\n<li>$70+ para Luxo ou Descapot\u00e1vel.<\/li>\n<\/ul>\n<p>Tenha em aten\u00e7\u00e3o que os pre\u00e7os podem n\u00e3o ser sempre os mesmos. O pre\u00e7o m\u00e9dio di\u00e1rio pode variar significativamente, dependendo de v\u00e1rios factores:<\/p>\n<ul>\n<li>Dura\u00e7\u00e3o do aluguer<\/li>\n<li>M\u00e9todo de levantamento (cidade de Fez ou aeroporto)<\/li>\n<li>N\u00famero de op\u00e7\u00f5es adicionais<\/li>\n<li>Carga de trabalho do operador.<\/li>\n<\/ul>\n<p>Veja como comparar o pre\u00e7o de aluguer de carros em Fez:<\/p>\n<h3>Tabela de pre\u00e7os para aluguer de autom\u00f3veis em Fes, Marrocos<\/h3>\n<table border=\"1\">\n<thead>\n<tr>\n<th>Modelo de carro<\/th>\n<th>Tipo de carro\u00e7aria<\/th>\n<th>Pre\u00e7o por dia (\u00e9poca baixa)<\/th>\n<th>Pre\u00e7o por dia (\u00e9poca alta)<\/th>\n<th>Passageiros<\/th>\n<th>Capacidade de bagagem<\/th>\n<\/tr>\n<\/thead>\n<tbody>\n<tr>\n<td>Fiat Panda<\/td>\n<td>Hatchback<\/td>\n<td>19 \u20ac<\/td>\n<td>26 \u20ac<\/td>\n<td>4<\/td>\n<td>1<\/td>\n<\/tr>\n<tr>\n<td>Hyundai i10<\/td>\n<td>Porta-bagagens<\/td>\n<td>21 \u20ac<\/td>\n<td>28 \u20ac<\/td>\n<td>4<\/td>\n<td>1<\/td>\n<\/tr>\n<tr>\n<td>Kia Picanto<\/td>\n<td>Porta-bagagens<\/td>\n<td>22 \u20ac<\/td>\n<td>30 \u20ac<\/td>\n<td>4<\/td>\n<td>1<\/td>\n<\/tr>\n<tr>\n<td>Peugeot 208<\/td>\n<td>Porta-bagagens<\/td>\n<td>24 \u20ac<\/td>\n<td>33 \u20ac<\/td>\n<td>5<\/td>\n<td>2<\/td>\n<\/tr>\n<tr>\n<td>Dacia Logan<\/td>\n<td>Sedan<\/td>\n<td>25 \u20ac<\/td>\n<td>34 \u20ac<\/td>\n<td>5<\/td>\n<td>2<\/td>\n<\/tr>\n<tr>\n<td>Renault Clio<\/td>\n<td>Hatchback<\/td>\n<td>27 \u20ac<\/td>\n<td>36 \u20ac<\/td>\n<td>5<\/td>\n<td>2<\/td>\n<\/tr>\n<tr>\n<td>Citro\u00ebn C-Elys\u00e9e<\/td>\n<td>Sedan<\/td>\n<td>28 \u20ac<\/td>\n<td>38 \u20ac<\/td>\n<td>5<\/td>\n<td>3<\/td>\n<\/tr>\n<tr>\n<td>Renault Captur<\/td>\n<td>Crossover<\/td>\n<td>32 \u20ac<\/td>\n<td>43 \u20ac<\/td>\n<td>5<\/td>\n<td>3<\/td>\n<\/tr>\n<tr>\n<td>Dacia Duster<\/td>\n<td>SUV<\/td>\n<td>36 \u20ac<\/td>\n<td>47 \u20ac<\/td>\n<td>5<\/td>\n<td>3<\/td>\n<\/tr>\n<tr>\n<td>Peugeot 3008<\/td>\n<td>SUV<\/td>\n<td>52 \u20ac<\/td>\n<td>66 \u20ac<\/td>\n<td>5<\/td>\n<td>4<\/td>\n<\/tr>\n<\/tbody>\n<\/table>\n        <div class=\"rpc-chart\">\n            <h3>Como os pre\u00e7os do aluguer de carros em Fez variam consoante a \u00e9poca do ano: an\u00e1lise com base em reservas reais<\/h3>\n            <div><p>Ao longo dos \u00faltimos tr\u00eas anos, regist\u00e1mos as varia\u00e7\u00f5es nos pre\u00e7os m\u00e9dios do aluguer de carros em Fez, com base nos dados reais de reservas efetuadas atrav\u00e9s da plataforma roscar.ma. Trabalhamos apenas com empresas de aluguer locais verificadas, o que garante a fiabilidade e a precis\u00e3o das informa\u00e7\u00f5es sobre o aluguer.<\/p>\n<p>A an\u00e1lise abrange toda a gama de ve\u00edculos de transporte: desde hatchbacks baratos para desloca\u00e7\u00f5es locais at\u00e9 ve\u00edculos utilit\u00e1rios, descapot\u00e1veis e carros de classe premium. Esta abordagem permite identificar flutua\u00e7\u00f5es sazonais caracter\u00edsticas nos pre\u00e7os e responder imediatamente \u00e0s altera\u00e7\u00f5es de pre\u00e7os.<\/p>\n<p>Consulte as nossas informa\u00e7\u00f5es para descobrir a melhor altura para alugar um carro. A RosCar \u00e9 o seu assistente de confian\u00e7a no planeamento de uma transfer\u00eancia manual e eficiente em Marrocos.<\/p>\n<\/div>\n            <div class=\"rpc-chart-bars\">\n                                    <div class=\"rpc-chart-column\">\n                        <div class=\"rpc-chart-inner\" style=\"height: 25%\">\n                            <div class=\"rpc-chart-column-value\">12 \u20ac<\/div>\n                            <div class=\"rpc-chart-month\">JAN<\/div>\n                        <\/div>\n                    <\/div>\n                                    <div class=\"rpc-chart-column\">\n                        <div class=\"rpc-chart-inner\" style=\"height: 27.083333333333%\">\n                            <div class=\"rpc-chart-column-value\">13 \u20ac<\/div>\n                            <div class=\"rpc-chart-month\">FEB<\/div>\n                        <\/div>\n                    <\/div>\n                                    <div class=\"rpc-chart-column\">\n                        <div class=\"rpc-chart-inner\" style=\"height: 29.166666666667%\">\n                            <div class=\"rpc-chart-column-value\">14 \u20ac<\/div>\n                            <div class=\"rpc-chart-month\">MAR<\/div>\n                        <\/div>\n                    <\/div>\n                                    <div class=\"rpc-chart-column\">\n                        <div class=\"rpc-chart-inner\" style=\"height: 35.416666666667%\">\n                            <div class=\"rpc-chart-column-value\">17 \u20ac<\/div>\n                            <div class=\"rpc-chart-month\">APR<\/div>\n                        <\/div>\n                    <\/div>\n                                    <div class=\"rpc-chart-column\">\n                        <div class=\"rpc-chart-inner\" style=\"height: 37.5%\">\n                            <div class=\"rpc-chart-column-value\">18 \u20ac<\/div>\n                            <div class=\"rpc-chart-month\">MAY<\/div>\n                        <\/div>\n                    <\/div>\n                                    <div class=\"rpc-chart-column\">\n                        <div class=\"rpc-chart-inner\" style=\"height: 43.75%\">\n                            <div class=\"rpc-chart-column-value\">21 \u20ac<\/div>\n                            <div class=\"rpc-chart-month\">JUN<\/div>\n                        <\/div>\n                    <\/div>\n                                    <div class=\"rpc-chart-column\">\n                        <div class=\"rpc-chart-inner\" style=\"height: 52.083333333333%\">\n                            <div class=\"rpc-chart-column-value\">25 \u20ac<\/div>\n                            <div class=\"rpc-chart-month\">JUL<\/div>\n                        <\/div>\n                    <\/div>\n                                    <div class=\"rpc-chart-column\">\n                        <div class=\"rpc-chart-inner\" style=\"height: 58.333333333333%\">\n                            <div class=\"rpc-chart-column-value\">28 \u20ac<\/div>\n                            <div class=\"rpc-chart-month\">AUG<\/div>\n                        <\/div>\n                    <\/div>\n                                    <div class=\"rpc-chart-column\">\n                        <div class=\"rpc-chart-inner\" style=\"height: 39.583333333333%\">\n                            <div class=\"rpc-chart-column-value\">19 \u20ac<\/div>\n                            <div class=\"rpc-chart-month\">SEP<\/div>\n                        <\/div>\n                    <\/div>\n                                    <div class=\"rpc-chart-column\">\n                        <div class=\"rpc-chart-inner\" style=\"height: 35.416666666667%\">\n                            <div class=\"rpc-chart-column-value\">17 \u20ac<\/div>\n                            <div class=\"rpc-chart-month\">OCT<\/div>\n                        <\/div>\n                    <\/div>\n                                    <div class=\"rpc-chart-column\">\n                        <div class=\"rpc-chart-inner\" style=\"height: 27.083333333333%\">\n                            <div class=\"rpc-chart-column-value\">13 \u20ac<\/div>\n                            <div class=\"rpc-chart-month\">NOV<\/div>\n                        <\/div>\n                    <\/div>\n                                    <div class=\"rpc-chart-column\">\n                        <div class=\"rpc-chart-inner\" style=\"height: 39.583333333333%\">\n                            <div class=\"rpc-chart-column-value\">19 \u20ac<\/div>\n                            <div class=\"rpc-chart-month\">DEC<\/div>\n                        <\/div>\n                    <\/div>\n                            <\/div>\n        <\/div>\n        \n<h2>Aluguer De Carros Fez: Documentos<\/h2>\n<p>Cada empresa de aluguer pode ter as suas pr\u00f3prias exig\u00eancias em mat\u00e9ria de idade (21-25 anos) ou de documentos. No entanto, \u00e9 sempre necess\u00e1rio:<\/p>\n<ol>\n<li>Passaporte<\/li>\n<li>Cart\u00e3o de cr\u00e9dito (dep\u00f3sito ou cheque cau\u00e7\u00e3o)<\/li>\n<li>Carta de condu\u00e7\u00e3o.<\/li>\n<\/ol>\n<p>O voucher (confirma\u00e7\u00e3o da reserva) n\u00e3o \u00e9 obrigat\u00f3rio, mas \u00e9 enviado para o seu e-mail ap\u00f3s a reserva no RosCar. O Aluguer de Carros em Fez \u00e9 a sua porta de entrada para explorar a rica cultura e as j\u00f3ias escondidas da cidade &#8211; reserve o seu carro hoje para uma experi\u00eancia de viagem suave e flex\u00edvel.<\/p>\n","protected":false},"excerpt":{"rendered":"<p>Aluguer De Carros Fez a partir de RosCar Quase todos os pa\u00edses t\u00eam uma capital n\u00e3o oficial, que \u00e9 o centro da vida cultural de todo o estado. Queres encontrar esta bela cidade em Marrocos? Ent\u00e3o precisa de alugar um carro em Fes para: Obter a melhor experi\u00eancia de condu\u00e7\u00e3o a um pre\u00e7o baixo Escolher [&hellip;]<\/p>\n","protected":false},"author":1,"featured_media":247,"parent":0,"menu_order":0,"comment_status":"closed","ping_status":"closed","template":"","meta":{"footnotes":""},"class_list":["post-2109","page","type-page","status-publish","has-post-thumbnail",""],"_links":{"self":[{"href":"https:\/\/roscar.ma\/pt-pt\/wp-json\/wp\/v2\/pages\/2109","targetHints":{"allow":["GET"]}}],"collection":[{"href":"https:\/\/roscar.ma\/pt-pt\/wp-json\/wp\/v2\/pages"}],"about":[{"href":"https:\/\/roscar.ma\/pt-pt\/wp-json\/wp\/v2\/types\/page"}],"author":[{"embeddable":true,"href":"https:\/\/roscar.ma\/pt-pt\/wp-json\/wp\/v2\/users\/1"}],"replies":[{"embeddable":true,"href":"https:\/\/roscar.ma\/pt-pt\/wp-json\/wp\/v2\/comments?post=2109"}],"version-history":[{"count":1,"href":"https:\/\/roscar.ma\/pt-pt\/wp-json\/wp\/v2\/pages\/2109\/revisions"}],"predecessor-version":[{"id":2110,"href":"https:\/\/roscar.ma\/pt-pt\/wp-json\/wp\/v2\/pages\/2109\/revisions\/2110"}],"wp:featuredmedia":[{"embeddable":true,"href":"https:\/\/roscar.ma\/pt-pt\/wp-json\/wp\/v2\/media\/247"}],"wp:attachment":[{"href":"https:\/\/roscar.ma\/pt-pt\/wp-json\/wp\/v2\/media?parent=2109"}],"curies":[{"name":"wp","href":"https:\/\/api.w.org\/{rel}","templated":true}]}}

<h2>Aluguer De Carros Fez a partir de RosCar</h2>
<p>Quase todos os países têm uma capital não oficial, que é o centro da vida cultural de todo o estado. Queres encontrar esta bela cidade em Marrocos? Então precisa de alugar um carro em Fes para:</p>
<ul>
<li>Obter a melhor experiência de condução a um preço baixo</li>
<li>Escolher o melhor veículo com os extras ideais</li>
<li>Levar a sua viagem a outro nível de conforto</li>
<li>Não fique limitado nas suas opções de viagem.</li>
</ul>
<p>Alugue um carro em Fez através da RosCar e poderá desvendar todos os segredos deste incrível mundo árabe. Mas antes, prepare o seu cartão para confirmar a reserva, pois não há outra forma de conseguir o seu veículo. Reserve agora.</p>
<h2>Aluguer De Carros Fez: Guia</h2>
<p>Por vezes, até os viajantes mais experientes precisam de alguns bons conselhos. Estes são os tipos de dicas que lhe permitirão pagar menos e obter o melhor valor no menor tempo possível.</p>
<h3>Primeiro conselho: Utilizar filtros por tipo</h3>
<p>Não perca tempo a procurar veículos que não lhe interessam. Basta escolher um:</p>
<ul>
<li>Económico</li>
<li>Standard</li>
<li>Mini</li>
<li>Descapotável</li>
<li>SUV ou Crossover</li>
<li>Minivan ou carrinha</li>
<li>Outros.</li>
</ul>
<h3>Segunda dica: Procurar extras</h3>
<p>Não é um, mas uma dúzia de extras que pode obter ao alugar um carro barato em Fes:</p>
<ul>
<li>Sem cartão de crédito: Qualquer outro cartão de crédito ou dinheiro serve.</li>
<li>Cartão SIM: Precisará de um para navegar pelas muitas atracções de Fez.</li>
<li>Condutor adicional: Qualquer pessoa que cumpra os requisitos de idade do aluguer.</li>
<li>Cadeira para crianças: Viajar com crianças deve ser seguro.</li>
<li>Cancelamento gratuito: Os custos da reserva serão reembolsados se cancelar com 48 horas de antecedência.</li>
<li>Quilómetros ilimitados: Uma quantidade infinita da incrível beleza da Arábia.</li>
<li>Sem depósito: Menos stress envolvido quando se trata de bloqueios sem depósito nos cartões de crédito.</li>
<li>Modelo garantido: A recolha é efectuada com o mesmo veículo que solicitou.</li>
<li>Transmissão: Qual é que prefere, manual ou automática?</li>
<li>Seguro adicional: Super CDW ou Full Coverage são as melhores opções de upgrade.</li>
</ul>
<blockquote class="info">
<h2>Aluguer de carros em Fez em pormenor</h2>
<p>A RosCar tem um procedimento de reserva simples que qualquer adulto (a partir de 21 anos) pode realizar:</p>
<ol>
<li>Especificar datas e localizações.</li>
<li>Ir para os filtros, clicar nos desejados.</li>
<li>Percorrer a lista e Reservar agora quando vires o melhor.</li>
<li>Selecionar o tipo de seguro (Standard ou Upgrade), bem como opções adicionais. Preencher</li>
<li>Os dados principais do condutor.</li>
<li>Confirmar.</li>
</ol>
<p>O aluguer de carros em Fes requer qualquer cartão bancário para ser automaticamente confirmado. O valor do pagamento pode variar entre um quinto e o valor total do aluguer.</p></blockquote>
<h2>Aluguer De Carros Fez Preço</h2>
<p>Atenas de África não é um lugar barato para viajar, mas pode sempre encontrar um veículo para qualquer orçamento:</p>
<ul>
<li>$20-30 para Mini ou Económico</li>
<li>30-40 dólares para o Standard</li>
<li>$40-55 para Minivan, SUV ou Crossover</li>
<li>$70+ para Luxo ou Descapotável.</li>
</ul>
<p>Tenha em atenção que os preços podem não ser sempre os mesmos. O preço médio diário pode variar significativamente, dependendo de vários factores:</p>
<ul>
<li>Duração do aluguer</li>
<li>Método de levantamento (cidade de Fez ou aeroporto)</li>
<li>Número de opções adicionais</li>
<li>Carga de trabalho do operador.</li>
</ul>
<p>Veja como comparar o preço de aluguer de carros em Fez:</p>
<h3>Tabela de preços para aluguer de automóveis em Fes, Marrocos</h3>
<table border="1">
<thead>
<tr>
<th>Modelo de carro</th>
<th>Tipo de carroçaria</th>
<th>Preço por dia (época baixa)</th>
<th>Preço por dia (época alta)</th>
<th>Passageiros</th>
<th>Capacidade de bagagem</th>
</tr>
</thead>
<tbody>
<tr>
<td>Fiat Panda</td>
<td>Hatchback</td>
<td>19 €</td>
<td>26 €</td>
<td>4</td>
<td>1</td>
</tr>
<tr>
<td>Hyundai i10</td>
<td>Porta-bagagens</td>
<td>21 €</td>
<td>28 €</td>
<td>4</td>
<td>1</td>
</tr>
<tr>
<td>Kia Picanto</td>
<td>Porta-bagagens</td>
<td>22 €</td>
<td>30 €</td>
<td>4</td>
<td>1</td>
</tr>
<tr>
<td>Peugeot 208</td>
<td>Porta-bagagens</td>
<td>24 €</td>
<td>33 €</td>
<td>5</td>
<td>2</td>
</tr>
<tr>
<td>Dacia Logan</td>
<td>Sedan</td>
<td>25 €</td>
<td>34 €</td>
<td>5</td>
<td>2</td>
</tr>
<tr>
<td>Renault Clio</td>
<td>Hatchback</td>
<td>27 €</td>
<td>36 €</td>
<td>5</td>
<td>2</td>
</tr>
<tr>
<td>Citroën C-Elysée</td>
<td>Sedan</td>
<td>28 €</td>
<td>38 €</td>
<td>5</td>
<td>3</td>
</tr>
<tr>
<td>Renault Captur</td>
<td>Crossover</td>
<td>32 €</td>
<td>43 €</td>
<td>5</td>
<td>3</td>
</tr>
<tr>
<td>Dacia Duster</td>
<td>SUV</td>
<td>36 €</td>
<td>47 €</td>
<td>5</td>
<td>3</td>
</tr>
<tr>
<td>Peugeot 3008</td>
<td>SUV</td>
<td>52 €</td>
<td>66 €</td>
<td>5</td>
<td>4</td>
</tr>
</tbody>
</table>
        <div class="rpc-chart">
            <h3>Como os preços do aluguer de carros em Fez variam consoante a época do ano: análise com base em reservas reais</h3>
            <div><p>Ao longo dos últimos três anos, registámos as variações nos preços médios do aluguer de carros em Fez, com base nos dados reais de reservas efetuadas através da plataforma roscar.ma. Trabalhamos apenas com empresas de aluguer locais verificadas, o que garante a fiabilidade e a precisão das informações sobre o aluguer.</p>
<p>A análise abrange toda a gama de veículos de transporte: desde hatchbacks baratos para deslocações locais até veículos utilitários, descapotáveis e carros de classe premium. Esta abordagem permite identificar flutuações sazonais características nos preços e responder imediatamente às alterações de preços.</p>
<p>Consulte as nossas informações para descobrir a melhor altura para alugar um carro. A RosCar é o seu assistente de confiança no planeamento de uma transferência manual e eficiente em Marrocos.</p>
</div>
            <div class="rpc-chart-bars">
                                    <div class="rpc-chart-column">
                        <div class="rpc-chart-inner" style="height: 25%">
                            <div class="rpc-chart-column-value">12 €</div>
                            <div class="rpc-chart-month">JAN</div>
                        </div>
                    </div>
                                    <div class="rpc-chart-column">
                        <div class="rpc-chart-inner" style="height: 27.083333333333%">
                            <div class="rpc-chart-column-value">13 €</div>
                            <div class="rpc-chart-month">FEB</div>
                        </div>
                    </div>
                                    <div class="rpc-chart-column">
                        <div class="rpc-chart-inner" style="height: 29.166666666667%">
                            <div class="rpc-chart-column-value">14 €</div>
                            <div class="rpc-chart-month">MAR</div>
                        </div>
                    </div>
                                    <div class="rpc-chart-column">
                        <div class="rpc-chart-inner" style="height: 35.416666666667%">
                            <div class="rpc-chart-column-value">17 €</div>
                            <div class="rpc-chart-month">APR</div>
                        </div>
                    </div>
                                    <div class="rpc-chart-column">
                        <div class="rpc-chart-inner" style="height: 37.5%">
                            <div class="rpc-chart-column-value">18 €</div>
                            <div class="rpc-chart-month">MAY</div>
                        </div>
                    </div>
                                    <div class="rpc-chart-column">
                        <div class="rpc-chart-inner" style="height: 43.75%">
                            <div class="rpc-chart-column-value">21 €</div>
                            <div class="rpc-chart-month">JUN</div>
                        </div>
                    </div>
                                    <div class="rpc-chart-column">
                        <div class="rpc-chart-inner" style="height: 52.083333333333%">
                            <div class="rpc-chart-column-value">25 €</div>
                            <div class="rpc-chart-month">JUL</div>
                        </div>
                    </div>
                                    <div class="rpc-chart-column">
                        <div class="rpc-chart-inner" style="height: 58.333333333333%">
                            <div class="rpc-chart-column-value">28 €</div>
                            <div class="rpc-chart-month">AUG</div>
                        </div>
                    </div>
                                    <div class="rpc-chart-column">
                        <div class="rpc-chart-inner" style="height: 39.583333333333%">
                            <div class="rpc-chart-column-value">19 €</div>
                            <div class="rpc-chart-month">SEP</div>
                        </div>
                    </div>
                                    <div class="rpc-chart-column">
                        <div class="rpc-chart-inner" style="height: 35.416666666667%">
                            <div class="rpc-chart-column-value">17 €</div>
                            <div class="rpc-chart-month">OCT</div>
                        </div>
                    </div>
                                    <div class="rpc-chart-column">
                        <div class="rpc-chart-inner" style="height: 27.083333333333%">
                            <div class="rpc-chart-column-value">13 €</div>
                            <div class="rpc-chart-month">NOV</div>
                        </div>
                    </div>
                                    <div class="rpc-chart-column">
                        <div class="rpc-chart-inner" style="height: 39.583333333333%">
                            <div class="rpc-chart-column-value">19 €</div>
                            <div class="rpc-chart-month">DEC</div>
                        </div>
                    </div>
                            </div>
        </div>
        
<h2>Aluguer De Carros Fez: Documentos</h2>
<p>Cada empresa de aluguer pode ter as suas próprias exigências em matéria de idade (21-25 anos) ou de documentos. No entanto, é sempre necessário:</p>
<ol>
<li>Passaporte</li>
<li>Cartão de crédito (depósito ou cheque caução)</li>
<li>Carta de condução.</li>
</ol>
<p>O voucher (confirmação da reserva) não é obrigatório, mas é enviado para o seu e-mail após a reserva no RosCar. O Aluguer de Carros em Fez é a sua porta de entrada para explorar a rica cultura e as jóias escondidas da cidade &#8211; reserve o seu carro hoje para uma experiência de viagem suave e flexível.</p>

<p>Aluguer De Carros Fez a partir de RosCar Quase todos os países têm uma capital não oficial, que é o centro da vida cultural de todo o estado. Queres encontrar esta bela cidade em Marrocos? Então precisa de alugar um carro em Fes para: Obter a melhor experiência de condução a um preço baixo Escolher [&hellip;]</p>
